)/(-9) + -3)*-285. Suppose i = x + 4*x. What is the remainder when x is divided by v?
9
Suppose 5*v = -2*x + 9*v + 112, 3*x - 5*v = 170. Suppose -2*y - 2 + x = 0. What is the remainder when y is divided by 15?
14
Let u be -1*(1 + 1 + 2). Let p be 27/6 + 6/u. Suppose 5*y - 2*r - 102 = 0, 78 = 3*y + p*r - 0*r. Calculate the remainder when y is divided by 12.
10
Let v(t) = t**3 + 9*t**2 - 9*t + 24. Let x be (-6 - (-256)/44) + 108/(-11). Calculate the remainder when 30 is divided by v(x).
2
Suppose f + f = -4*p + 332, 0 = -3*f + 5*p + 509. Let c = -94 + f. What is the remainder when c + -11 - 2*1 is divided by 16?
13
Suppose -v = 5*n + 3*v - 71, 2*v = -3*n + 41. Calculate the remainder when 91 is divided by n.
3
Suppose 991 = 5*l + s, 3*s - 10 = -7. Calculate the remainder when l is divided by 104.
94
Suppose -4*m + 40 = -5*w, -w - 11 = -2*m + 9. What is the remainder when (-3)/(2 + 19/(-9)) is divided by m?
7
Let t = 134 - 88. Let w = t + -2. Calculate the remainder when w is divided by 16.
12
Suppose 3*z + 4*i = 95, -i + 3 = -2. Let b = -13 + z. What is the remainder when 33 is divided by b?
9
Let g(t) = -t**2 - 9*t - 5. Let v = 69 - 29. What is the remainder when v is divided by g(-5)?
10
Suppose h + 10 = -n - 1, 4*h - 2*n = -38. Calculate the remainder when 53 is divided by 7 + h - (-34)/2.
11
Let d(z) = 15*z**2 - 77*z - 19. Calculate the remainder when 123 is divided by d(6).
5
Suppose -3*h - 3*c = -216, h + c = -3*h + 300. Let f = h - 62. What is the remainder when f is divided by 9?
5
Let q(y) = -4*y**2 - 9*y + 1. Let u be q(-2). Suppose u*t + 26 = 53. What is the remainder when 98 is divided by t?
8
Suppose -4*q - 27 = -147. Let p(v) = v**2 - 113*v + 750. What is the remainder when q is divided by p(7)?
6
Let j be (1 - 0)/(6 - 452/76). Suppose -14 = -h + 5*i - 3*i, j = h - 3*i. Calculate the remainder when 21 is divided by h.
1
Suppose 0 = 4*m - m - 12, -4*j + m + 200 = 0. What is the remainder when 217 is divided by j?
13
Let u be (-15)/6*(-8)/(-5). What is the remainder when 105/12 - 1/u is divided by 3?
0
Let h(a) = -a**3 + 9*a**2 - 5*a - 8. Calculate the remainder when h(7) is divided by (-174)/(-2)*(-103)/(-309).
26
Calculate the remainder when 347 is divided by (-18)/2 - 1746/(-18).
83
Suppose 14 = 4*z - 26. Let r be 2*-37 + (-2)/(-1). What is the remainder when 35 is divided by (r/z)/3*-5?
11
Let u(q) = 4*q**2 + 7*q + 3. Calculate the remainder when 31 is divided by u(-2).
1
Suppose -s = -13*w + 9*w + 1421, 0 = 3*w - 3*s - 1077. What is the remainder when w is divided by 21?
18
Let t(x) = 43*x**2 + 12*x - 33. What is the remainder when t(4) is divided by 64?
63
Suppose 8*y - 11*y + 612 = 0. Suppose 4*t - y = -0*t. Suppose -u - 5*v + 3*v = -23, 0 = 3*u - 3*v - t. What is the remainder when u is divided by 11?
8
Let c(p) = 6*p**2 + 6*p - 4. Let a be c(-3). Let z = a + -30. Let y = z - -41. What is the remainder when y is divided by 12?
7
Suppose 0 = -2*m - 2*m + 120. Suppose 70 = -h - 2*h + 5*f, 3*h + 4*f = -25. Calculate the remainder when m is divided by (-32)/(-3) + (-5)/h.
8
Let i = -1100 - -1329. Calculate the remainder when i is divided by 15.
4
Let j be 4/(3/(-5 - -2)). Calculate the remainder when 74 is divided by 3/j + 1236/48.
24
Suppose 67 = 12*r + 5*n - 137, -r + 4*n = -17. Suppose -139 = -4*c + 193. What is the remainder when c is divided by r?
15
Suppose 0 = -2*z - 3*z + 4*f + 592, -2*z + 232 = -4*f. Suppose -z = 5*l - 8*l. Calculate the remainder when 238 is divided by l.
38
Suppose -30 + 3 = -9*t. Suppose 3*h = 5*o - 86, -t*o + 3*h + 52 = h. Calculate the remainder when (9/2)/((-1)/(-14)) is divided by o.
15
Suppose 392 = 2*y - 0*y. Calculate the remainder when y is divided by 29.
22
Suppose 3*m = 4*x - 2736, 6*x - 4*x - 1378 = 4*m. Calculate the remainder when x is divided by 6.
3
Suppose -l - 5 + 14 = q, -5*l - 7 = q. Suppose -4*k + q = -59. What is the remainder when 27 is divided by k?
9
Let g be 4 + -41 - 1*1*2. Let h = 110 + g. What is the remainder when h is divided by 15?
11
Calculate the remainder when 25413/(-43)*(-1 - 0) is divided by 16.
15
Suppose 4*l = -q + 90, 0 = -5*l + 2*q + 2*q + 123. Calculate the remainder when 82 is divided by l.
13
Let w(c) = 2*c**3 - 2*c**2 - c + 2. Calculate the remainder when w(3) is divided by (5 - 9 - 2)/(-1).
5
Suppose 10*q + 2*q - 3252 = 0. What is the remainder when q is divided by 69?
64
Suppose -2*v + 44 = -i + 4*i, -10 = -i - 3*v. Calculate the remainder when 61 is divided by i.
13
Let c(y) = 18*y**2 + 4*y - 3. Calculate the remainder when 224 is divided by c(1).
15
Suppose 35*i - 56*i + 2394 = 0. What is the remainder when i is divided by 110?
4
Suppose 84*n - 306 = 75*n. Calculate the remainder when 100 is divided by n.
32
Let c(q) = q**3 + 6*q**2 + 5*q + 5. Let u(o) = 8*o + 4. Let d be u(-1). Calculate the remainder when 31 is divided by c(d).
14
What is the remainder when 55/(-11) + 5 - 1*-38 is divided by 8?
6
Suppose -3*a + 435 = -q - 233, -a + 5*q + 218 = 0. Calculate the remainder when a is divided by 14.
13
Suppose 7*j - 9*j = -442. Suppose -13*q + 377 = -j. What is the remainder when q is divided by 17?
12
Let f = 35 - 33. Let z be 3 + 2 + f*-2. Suppose 2*d - z + 7 = 0, -4*c = 2*d - 18. What is the remainder when c is divided by 4?
2
Let g(s) = -s**3 - 3*s**2 - 5*s - 4. Suppose 28*v = 49 + 63. What is the remainder when g(-3) is divided by v?
3
Let d(c) be the third derivative of -c**4/24 + 2*c**3/3 + 14*c**2. Calculate the remainder when 39 is divided by d(-7).
6
Suppose 78 = 4*j + 2*j. Let v be (-7)/(-28) + 6/8. Calculate the remainder when 0 - (-2 + v) - -49 is divided by j.
11
Let c(m) = 2*m + 7*m + m + 2*m - 6. Let x be c(6). Suppose -x = -4*t + 86. Calculate the remainder when t is divided by 8.
6
Let f = 332 + -245. What is the remainder when f is divided by 44?
43
Suppose -2*v = -g, -5*v - 15 = 5*g - 60. Let t = 28 + -20. Let z = -5 + t. What is the remainder when g is divided by z?
0
Let q = 657 + -445. Calculate the remainder when q is divided by 12.
8
Let q be 1/((-9)/6)*-3. Suppose -q*r = -r. Suppose -z + 5*z - 76 = r. Calculate the remainder when 37 is divided by z.
18
Let a(u) = 3*u**2 + 32*u + 7. Let w(r) = r**2 + 16*r + 3. Let l(x) = -2*a(x) + 5*w(x). What is the remainder when l(13) is divided by 15?
10
Suppose 33 = -9*c + 10*c. Calculate the remainder when 93 is divided by c.
27
Suppose 0*j = 3*j + 5*b + 25, -2*b = 4*j + 10. Suppose -2*y + 4*x + 22 = -j*y, 0 = -3*y - 2*x + 17. What is the remainder when 19 is divided by y?
5
Suppose 3*r = 14 - 5. Suppose -4*u = -4*y + 396, -2*y - r*u + 154 = -54. Suppose 0 = 4*l - y + 33. Calculate the remainder when 65 is divided by l.
14
Let u = 59 + -52. Calculate the remainder when 152 is divided by u.
5
Let y = 19 + -10. Let j(t) = t. Let u(v) = 3*v**2 - 13*v + 8. Let w(z) = 3*j(z) + u(z). Calculate the remainder when w(y) is divided by 41.
38
Let r = 208 + -199. Suppose -2 = -2*t + 2. Suppose 5*u - 115 = -2*a, -6*a + t*a + 55 = 3*u. Calculate the remainder when u is divided by r.
7
Suppose 4*g - g - 78 = 0. Let a(k) = 2*k - 11. Let j(n) = -3*n + 11. Let l(v) = -2*a(v) - 3*j(v). What is the remainder when g is divided by l(4)?
8
Suppose -2*n + 8 + 24 = 0. Suppose 0 = 81*o - 71*o - 770. What is the remainder when o is divided by n?
13
Let a(m) = -m**2 + 10*m - 4. Let d be a(9). Suppose d*t + 3*u - 31 = 0, 4*t - 5*u - 47 = -0*u. Calculate the remainder when 13 is divided by t.
5
Let n be (108/8)/3*6/9. Suppose 19 = q + 5*i - 45, -n*q + 3*i = -264. What is the remainder when q is divided by 24?
12
Let m(j) be the second derivative of -j**5/20 - j**4/4 + 9*j**2/2 - 19*j. Calculate the remainder when m(-5) is divided by 31.
28
Let n(a) = a**3 - 3*a**2 - 3*a - 1. Let q be n(4). Let p be 2 + -2 - (q + 2). Let j = p + 10. What is the remainder when j is divided by 2?
1
Let l(t) = 3*t**3 - 7*t**2 + 15*t + 1. What is the remainder when l(4) is divided by 36?
33
Suppose 19 = 5*i + 94. Let q = 33 + i. Let z = q - -16. Calculate the remainder when z is divided by 18.
16
Let c be 42*(5 + 0 + -4). Let i be c + 3*4/(-6). Suppose -4*k + 76 = 3*w, w + 2 - i = -2*k. Calculate the remainder when k is divided by 10.
9
Suppose 7*j + 9 = 4*j. Calculate the remainder when 21 is divided by -15 + 18 - (j - (-4)/(-2)).
5
Supp